{"id":20447,"date":"2021-07-07T12:42:10","date_gmt":"2021-07-07T15:42:10","guid":{"rendered":"https:\/\/www.indef.internationalservices.com.ar\/?post_type=product&#038;p=20447"},"modified":"2022-07-01T12:52:12","modified_gmt":"2022-07-01T15:52:12","slug":"c-90","status":"publish","type":"product","link":"https:\/\/www.indef.com.ar\/?product=c-90","title":{"rendered":"C-90"},"content":{"rendered":"","protected":false},"excerpt":{"rendered":"<p>Medidas del crisol BU 250: \u00d861, 5cm. boca x 63cm. alto x \u00d835, 5cm base.<br \/>\nCapacidad: 92,6 litros o 250kg. De aluminio.<br \/>\nPotencia: 44kw.<br \/>\nTemperatura m\u00e1xima: 1250\u00baC.<br \/>\nTemperatura m\u00e1xima de ba\u00f1o de fusi\u00f3n: 1200\u00baC.<br \/>\nAlimentaci\u00f3n: 3 x 380V c\/N.<br \/>\nPeso: 550kg.<br \/>\nDimensiones exteriores: 147cm. ancho x 113cm. alto x 152cm. profundo.<\/p>\n<p>&nbsp;<\/p>\n<p>&nbsp;<\/p>\n","protected":false},"featured_media":20448,"comment_status":"open","ping_status":"closed","template":"","meta":[],"product_cat":[134,96],"product_tag":[],"_links":{"self":[{"href":"https:\/\/www.indef.com.ar\/index.php?rest_route=\/wp\/v3\/product\/20447"}],"collection":[{"href":"https:\/\/www.indef.com.ar\/index.php?rest_route=\/wp\/v3\/product"}],"about":[{"href":"https:\/\/www.indef.com.ar\/index.php?rest_route=\/wp\/v2\/types\/product"}],"replies":[{"embeddable":true,"href":"https:\/\/www.indef.com.ar\/index.php?rest_route=%2Fwp%2Fv2%2Fcomments&post=20447"}],"wp:featuredmedia":[{"embeddable":true,"href":"https:\/\/www.indef.com.ar\/index.php?rest_route=\/wp\/v2\/media\/20448"}],"wp:attachment":[{"href":"https:\/\/www.indef.com.ar\/index.php?rest_route=%2Fwp%2Fv2%2Fmedia&parent=20447"}],"wp:term":[{"taxonomy":"product_cat","embeddable":true,"href":"https:\/\/www.indef.com.ar\/index.php?rest_route=%2Fwp%2Fv2%2Fproduct_cat&post=20447"},{"taxonomy":"product_tag","embeddable":true,"href":"https:\/\/www.indef.com.ar\/index.php?rest_route=%2Fwp%2Fv2%2Fproduct_tag&post=20447"}],"curies":[{"name":"wp","href":"https:\/\/api.w.org\/{rel}","templated":true}]}}