{"id":20444,"date":"2021-07-07T12:36:20","date_gmt":"2021-07-07T15:36:20","guid":{"rendered":"https:\/\/www.indef.internationalservices.com.ar\/?post_type=product&#038;p=20444"},"modified":"2024-10-27T14:37:06","modified_gmt":"2024-10-27T17:37:06","slug":"c-44","status":"publish","type":"product","link":"https:\/\/www.indef.com.ar\/?product=c-44","title":{"rendered":"C-44"},"content":{"rendered":"<div class=\"video-shortcode\"><iframe title=\"C-44 DH-101 (1250\u00b0C - 380V)\" width=\"1170\" height=\"658\" src=\"https:\/\/www.youtube.com\/embed\/7wdZol62K24?feature=oembed\" frameborder=\"0\" allow=\"accelerometer; autoplay; clipboard-write; encrypted-media; gyroscope; picture-in-picture; web-share\" allowfullscreen><\/iframe><\/div>\n","protected":false},"excerpt":{"rendered":"<p>Medidas del crisol A 350: \u00d847, 5cm. (boca) x 59cm. (alto) x \u00d833cm. (Base)<br \/>\nCapacidad: 43,7 litros o 358kg. De bronce \/ 118,1kg. De aluminio.<br \/>\nPotencia: 32kw.<br \/>\nTemperatura m\u00e1xima: 1250\u00baC.<br \/>\nTemperatura m\u00e1xima de ba\u00f1o de fusi\u00f3n: 1200\u00baC.<br \/>\nAlimentaci\u00f3n: 3 x 380V c\/N.<br \/>\nPeso: 500kg.<br \/>\nDimensiones exteriores: 122,9cm. (Ancho) x 110,1cm. (Alto) x 113,2cm. (Profundo).<\/p>\n","protected":false},"featured_media":20981,"comment_status":"open","ping_status":"closed","template":"","meta":[],"product_cat":[134,96],"product_tag":[],"_links":{"self":[{"href":"https:\/\/www.indef.com.ar\/index.php?rest_route=\/wp\/v3\/product\/20444"}],"collection":[{"href":"https:\/\/www.indef.com.ar\/index.php?rest_route=\/wp\/v3\/product"}],"about":[{"href":"https:\/\/www.indef.com.ar\/index.php?rest_route=\/wp\/v2\/types\/product"}],"replies":[{"embeddable":true,"href":"https:\/\/www.indef.com.ar\/index.php?rest_route=%2Fwp%2Fv2%2Fcomments&post=20444"}],"wp:featuredmedia":[{"embeddable":true,"href":"https:\/\/www.indef.com.ar\/index.php?rest_route=\/wp\/v2\/media\/20981"}],"wp:attachment":[{"href":"https:\/\/www.indef.com.ar\/index.php?rest_route=%2Fwp%2Fv2%2Fmedia&parent=20444"}],"wp:term":[{"taxonomy":"product_cat","embeddable":true,"href":"https:\/\/www.indef.com.ar\/index.php?rest_route=%2Fwp%2Fv2%2Fproduct_cat&post=20444"},{"taxonomy":"product_tag","embeddable":true,"href":"https:\/\/www.indef.com.ar\/index.php?rest_route=%2Fwp%2Fv2%2Fproduct_tag&post=20444"}],"curies":[{"name":"wp","href":"https:\/\/api.w.org\/{rel}","templated":true}]}}