{"id":20422,"date":"2021-07-07T12:18:50","date_gmt":"2021-07-07T15:18:50","guid":{"rendered":"https:\/\/www.indef.internationalservices.com.ar\/?post_type=product&#038;p=20422"},"modified":"2025-04-13T16:14:19","modified_gmt":"2025-04-13T19:14:19","slug":"c-1-4","status":"publish","type":"product","link":"https:\/\/www.indef.com.ar\/?product=c-1-4","title":{"rendered":"C-1.4"},"content":{"rendered":"<div class=\"video-shortcode\"><iframe title=\"C-1.4 P.20 (1250\u00b0C - 220V)\" width=\"1170\" height=\"658\" src=\"https:\/\/www.youtube.com\/embed\/nzJoZ8bHE8o?feature=oembed\" frameborder=\"0\" allow=\"accelerometer; autoplay; clipboard-write; encrypted-media; gyroscope; picture-in-picture; web-share\" allowfullscreen><\/iframe><\/div>\n","protected":false},"excerpt":{"rendered":"<p>Medidas del crisol A 8: \u00d815,5cm. (boca) x 18cm. (alto) x \u00d810,5cm. (base).<br \/>\nCapacidad: 1,78 litros o 4,81kg. De aluminio.<br \/>\nPotencia: 2,15kw.<br \/>\nAlimentaci\u00f3n: 220V.<br \/>\nDimensiones exteriores: 66cm (ancho) x 61cm (alto) x 64,5cm (profundo)<br \/>\nPeso: 40kg.<br \/>\nTemperatura m\u00e1xima: 1250\u00baC.<br \/>\nTemperatura m\u00e1xima de ba\u00f1o de fusi\u00f3n: 1200\u00baC.<\/p>\n","protected":false},"featured_media":20975,"comment_status":"open","ping_status":"closed","template":"","meta":[],"product_cat":[134,96],"product_tag":[],"_links":{"self":[{"href":"https:\/\/www.indef.com.ar\/index.php?rest_route=\/wp\/v3\/product\/20422"}],"collection":[{"href":"https:\/\/www.indef.com.ar\/index.php?rest_route=\/wp\/v3\/product"}],"about":[{"href":"https:\/\/www.indef.com.ar\/index.php?rest_route=\/wp\/v2\/types\/product"}],"replies":[{"embeddable":true,"href":"https:\/\/www.indef.com.ar\/index.php?rest_route=%2Fwp%2Fv2%2Fcomments&post=20422"}],"wp:featuredmedia":[{"embeddable":true,"href":"https:\/\/www.indef.com.ar\/index.php?rest_route=\/wp\/v2\/media\/20975"}],"wp:attachment":[{"href":"https:\/\/www.indef.com.ar\/index.php?rest_route=%2Fwp%2Fv2%2Fmedia&parent=20422"}],"wp:term":[{"taxonomy":"product_cat","embeddable":true,"href":"https:\/\/www.indef.com.ar\/index.php?rest_route=%2Fwp%2Fv2%2Fproduct_cat&post=20422"},{"taxonomy":"product_tag","embeddable":true,"href":"https:\/\/www.indef.com.ar\/index.php?rest_route=%2Fwp%2Fv2%2Fproduct_tag&post=20422"}],"curies":[{"name":"wp","href":"https:\/\/api.w.org\/{rel}","templated":true}]}}